 (base 10) in base 7?
4
1 (base 3) to base 16
1
Convert 51 (base 14) to base 4.
1013
Convert 51 (base 6) to base 5.
111
-1 (base 9) to base 3
-1
Convert -3 (base 16) to base 12.
-3
-10000001 (base 2) to base 9
-153
-2 (base 12) to base 11
-2
Convert 90 (base 13) to base 11.
a7
What is 127 (base 11) in base 7?
303
What is -9 (base 11) in base 2?
-1001
-3 (base 4) to base 6
-3
What is -1101 (base 3) in base 5?
-122
0 (base 5) to base 2
0
What is -12 (base 3) in base 15?
-5
Convert 0 (base 2) to base 6.
0
-11111111 (base 2) to base 9
-313
What is 141 (base 6) in base 16?
3d
What is -100 (base 4) in base 6?
-24
What is 1 (base 7) in base 6?
1
Convert -1 (base 9) to base 4.
-1
What is 100 (base 2) in base 16?
4
28 (base 11) to base 12
26
What is -70 (base 14) in base 11?
-8a
What is 3 (base 8) in base 14?
3
-6 (base 16) to base 3
-20
What is -7 (base 13) in base 16?
-7
What is -1ab (base 12) in base 10?
-275
18 (base 13) to base 11
1a
1ac (base 16) to base 2
110101100
What is 8 (base 16) in base 8?
10
-60 (base 13) to base 9
-86
-12 (base 4) to base 9
-6
26 (base 9) to base 6
40
-1001011 (base 2) to base 12
-63
-11 (base 4) to base 9
-5
Convert 1003 (base 5) to base 16.
80
a (base 15) to base 10
10
Convert 20 (base 4) to base 11.
8
What is 104 (base 12) in base 4?
2110
Convert 42 (base 6) to base 9.
28
0 (base 3) to base 4
0
1 (base 12) to base 8
1
203 (base 8) to base 9
155
Convert -7 (base 11) to base 10.
-7
Convert -3 (base 5) to base 14.
-3
What is 215 (base 10) in base 13?
137
What is -22 (base 10) in base 2?
-10110
What is 1 (base 9) in base 7?
1
What is 5 (base 14) in base 4?
11
-11 (base 2) to base 6
-3
What is -2 (base 4) in base 2?
-10
What is 13 (base 12) in base 10?
15
What is 0 (base 2) in base 11?
0
-2 (base 13) to base 6
-2
Convert 16 (base 12) to base 8.
22
Convert -a (base 12) to base 15.
-a
Convert 4 (base 14) to base 3.
11
What is 2 (base 13) in base 8?
2
Convert 0 (base 5) to base 6.
0
Convert 2 (base 7) to base 13.
2
Convert -322 (base 4) to base 5.
-213
What is -8 (base 15) in base 7?
-11
What is -146 (base 8) in base 15?
-6c
0 (base 16) to base 15
0
Convert 33 (base 7) to base 13.
1b
What is -121 (base 5) in base 7?
-51
Convert 4 (base 13) to base 16.
4
Convert -10 (base 2) to base 14.
-2
6 (base 8) to base 3
20
Convert -10 (base 2) to base 9.
-2
-4 (base 8) to base 4
-10
What is -10 (base 2) in base 10?
-2
Convert 0 (base 2) to base 11.
0
Convert -5 (base 7) to base 5.
-10
2111 (base 3) to base 8
103
What is 15 (base 9) in base 8?
16
What is 4 (base 16) in base 9?
4
What is 1011 (base 4) in base 12?
59
What is 16 (base 14) in base 3?
202
What is 10 (base 15) in base 12?
13
What is -36 (base 16) in base 6?
-130
What is -252 (base 10) in base 8?
-374
Convert 7 (base 9) to base 2.
111
11 (base 11) to base 15
c
Convert -242 (base 7) to base 16.
-80
-5 (base 11) to base 7
-5
24 (base 8) to base 12
18
Convert 40 (base 8) to base 16.
20
What is -313 (base 5) in base 11?
-76
What is 3 (base 15) in base 4?
3
2021 (base 3) to base 7
115
112 (base 3) to base 16
e
-2 (base 9) to base 15
-2
Convert 1 (base 6) to base 11.
1
Convert 2 (base 13) to base 15.
2
Convert -10 (base 4) to base 7.
-4
1 (base 8) to base 15
1
200 (base 4) to base 7
44
-1 (base 14) to base 2
-1
-48 (base 16) to base 7
-132
What is -46 (base 12) in base 7?
-105
2 (base 8) to base 14
2
-14 (base 13) to base 8
-21
What is -10 (base 6) in base 11?
-6
What is -11 (base 3) in base 10?
-4
3 (base 12) to base 8
3
Convert 24 (base 7) to base 13.
15
-22 (base 4) to base 7
-13
200 (base 4) to base 12
28
Convert 102 (base 3) to base 11.
10
6 (base 14) to base 15
6
Convert -64 (base 10) to base 15.
-44
What is -1 (base 12) in base 2?
-1
1 (base 7) to base 16
1
What is -2200 (base 3) in base 16?
-48
Convert 1000 (base 6) to base 7.
426
Convert -10 (base 5) to base 10.
-5
100011 (base 3) to base 9
304
14 (base 15) to base 6
31
What is -222 (base 4) in base 11?
-39
-49 (base 11) to base 4
-311
2 (base 5) to base 7
2
-11 (base 2) to base 7
-3
Convert -7 (base 13) to base 15.
-7
What is -43 (base 16) in base 13?
-52
Convert 1 (base 15) to base 6.
1
-19 (base 15) to base 6
-40
3 (base 10) to base 12
3
-11101001 (base 2) to base 8
-351
What is 3 (base 13) in base 14?
3
What is a (base 15) in base 6?
14
-2 (base 4) to base 10
-2
-8 (base 16) to base 15
-8
Convert -6 (base 8) to base 3.
-20
-1310 (base 5) to base 11
-177
Convert 42 (base 15) to base 4.
332
-21 (base 3) to base 4
-13
Convert 0 (base 7) to base 13.
0
Convert 2 (base 6) to base 9.
2
10 (base 7) to base 10
7
What is -1c (base 15) in base 9?
-30
What is 14 (base 15) in base 16?
13
Convert -14 (base 8) to base 11.
-11
Convert b (base 13) to base 16.
b
-1c (base 13) to base 2
-11001
123 (base 5) to base 11
35
What is -2 (base 14) in base 6?
-2
What is 0 (base 15) in base 6?
0
-1011 (base 2) to base 12
-b
What is -212 (base 3) in base 10?
-23
Convert -10 (base 6) to base 8.
-6
What is 2324 (base 5) in base 14?
1a3
3 (base 12) to base 13
3
What is -32 (base 4) in base 3?
-112
What is 46 (base 15) in base 14?
4a
-10001 (base 2) to base 16
-11
Convert 21 (base 5) to base 11.
10
What is -20 (base 3) in base 6?
-10
Convert 11 (base 2) to base 7.
3
What is 225 (base 7) in base 13?
90
Convert 20 (base 14) to base 16.
1c
12 (base 3) to base 10
5
Convert 1 (base 14) to base 3.
1
Convert 16 (base 12) to base 15.
13
What is -10011 (base 2) in base 4?
-103
-2c (base 14) to base 2
-101000
What is 80 (base 15) in base 7?
231
-2 (base 5) to base 2
-10
0 (base 6) to base 13
0
What is -23 (base 11) in base 9?
-27
Convert 2 (base 12) to base 15.
2
10 (base 4) to base 13
4
Convert -a (base 11) to base 7.
-13
-110 (base 3) to base 2
-1100
-14 (base 6) to base 4
-22
-10 (base 6) to base 7
-6
What is -112 (base 6) in base 13?
-35
What is 101100 (base 2) in base 14?
32
11 (base 8) to base 9
10
-110 (base 3) to base 10
-12
What is -106 (base 13) in base 9?
-214
2 (base 8) to base 5
2
What is -6 (base 11) in base 15?
-6
Convert 13 (base 15) to base 4.
102
-313 (base 9) to base 11
-212
What is -11 (base 3) in base 9?
-4
What is -10 (base 13) in base 9?
-14
What is 4 (base 10) in base 14?
4
What is 1 (base 5) in base 13?
1
What is -6 (base 12) in base 3?
-20
Convert 1100 (base 4) to base 12.
68
-104 (base 7) to base 11
-49
What is 1 (base 6) in base 15?
1
Convert -16 (base 8) to base 6.
-22
Convert 14 (base 7) to base 10.
11
Convert 1 (base 15) to base 12.
1
What is 26 (base 10) in base 13?
20
What is -12 (base 4) in base 6?
-10
What is 210 (base 3) in base 4?
111
-2 (base 12) to base 2
-10
What is 14 (base 16) in base 9?
22
Convert 3a (base 13) to base 9.
54
-261 (base 7) to base 15
-96
Convert 12 (base 13) to base 11.
14
Convert -5 (base 14) to base 12.
-5
Convert 0 (base 4) to base 2.
0
-110 (base 2) to base 10
-6
11 (base 9) to base 16
a
Convert 2 (base 14) to base 9.
2
Convert -1 (base 15) to base 14.
-1
What is 3 (base 8) in base 16?
3
Convert 10 (base 3) to base 9.
3
Convert 2 (base 9) to base 13.
2
Convert 100 (base 4) to base 14.
12
What is 4 (base 11) in base 2?
100
10 (base 2) to base 14
2
What is -178 (base 10) in base 6?
-454
What is -101 (base 4) in base 12?
-15
6 (base 11) to base 12
6
What is 6 (base 8) in base 15?
6
23 (base 6) to base 14
11
0 (base 6) to base 13
0
1 (base 7) to base 13
1
What is 122 (base 4) in base 6?
42
2 (base 14) to base 13
2
1 (base 3) to base 12
1
24 (base 5) to base 6
22
-8 (base 12) to base 9
-8
131 (base 8) to base 15
5e
What is 203 (base 4) in base 9?
38
What is 70 (base 10) in base 14?
50
What is 8 (base 11) in base 5?
13
Convert 2 (base 6) to base 11.
2
-121 (base 3) to base 10
-16
What is -8a (base 14) in base 13?
-95
What is 57 (base 8) in base 2?
101111
Convert 1202 (base 3) to base 5.
142
-145 (base 6) to base 10
-65
What is -4 (base 6) in base 4?
-10
What is 11 (base 8) in base 16?
9
What is 1 (base 15) in base 4?
1
2 (base 15) to base 11
2
20 (base 5) to base 3
101
What is -11 (base 6) in base 5?
-12
Convert 6 (base 16) to base 13.
6
-1012 (base 4) to base 11
-64
Convert 1d (base 16) to base 8.
35
41 (base 7) to base 11
27
What is -2 (base 15) in base 6?
-2
Convert -5a (base 16) to base 5.
-330
Convert 12 (base 5) to base 14.
7
-4 (base 9) to base 7
-4
Convert 34 (base 8) to base 12.
24
What is -19 